ommon divisor of 69444 and 540.
108
Calculate the greatest common factor of 2664 and 3349980.
1332
Calculate the highest common divisor of 159334 and 266.
266
What is the highest common factor of 44591 and 493?
17
What is the highest common factor of 299 and 26351?
13
What is the highest common factor of 4425 and 5700?
75
What is the highest common factor of 12 and 2154?
6
What is the highest common factor of 16 and 3496?
8
What is the highest common divisor of 51116 and 13364?
52
Calculate the highest common divisor of 21 and 1097726.
7
Calculate the greatest common divisor of 58824 and 360.
72
What is the highest common factor of 154 and 84784?
14
Calculate the highest common factor of 90 and 1052010.
90
Calculate the highest common divisor of 13 and 288509.
13
Calculate the greatest common divisor of 200238 and 92.
46
Calculate the highest common factor of 19863 and 270.
9
Calculate the highest common divisor of 138942 and 124.
62
What is the greatest common divisor of 213152 and 736?
32
What is the highest common factor of 11200 and 150?
50
What is the highest common factor of 63531 and 216?
27
Calculate the highest common divisor of 30681 and 16071.
1461
What is the highest common factor of 6064 and 7312?
16
Calculate the highest common factor of 12275 and 1315.
5
What is the highest common factor of 25859 and 323?
19
What is the highest common divisor of 422 and 3428750?
422
What is the highest common divisor of 2426 and 1502?
2
What is the highest common divisor of 120617 and 49?
7
What is the highest common factor of 19 and 105013?
19
Calculate the greatest common divisor of 1644 and 8124.
12
What is the greatest common factor of 108 and 30726?
54
Calculate the greatest common divisor of 115445 and 55.
55
Calculate the highest common factor of 157 and 2129.
1
Calculate the highest common factor of 1452983 and 7.
7
Calculate the highest common divisor of 68 and 35411.
17
What is the greatest common divisor of 47604 and 60?
12
What is the highest common factor of 393400 and 50?
50
Calculate the highest common factor of 9715 and 58.
29
Calculate the highest common factor of 26197 and 46.
23
Calculate the greatest common divisor of 564 and 24346.
94
What is the highest common factor of 75 and 228?
3
What is the highest common factor of 14041 and 1?
1
What is the greatest common divisor of 86658 and 404?
202
Calculate the highest common factor of 399441 and 966.
483
What is the highest common factor of 275372 and 172?
172
What is the highest common factor of 12964 and 13748?
28
Calculate the greatest common divisor of 24680 and 80.
40
What is the greatest common factor of 30 and 19806?
6
Calculate the greatest common divisor of 134299 and 87.
29
Calculate the greatest common factor of 10 and 17566.
2
Calculate the greatest common factor of 1878 and 1194.
6
What is the greatest common divisor of 6821 and 329203?
359
What is the highest common factor of 34523 and 5681?
437
Calculate the greatest common divisor of 44759 and 626.
313
What is the greatest common factor of 202 and 9217058?
202
Calculate the highest common factor of 75 and 55830.
15
Calculate the highest common divisor of 18610 and 3.
1
Calculate the greatest common factor of 74970 and 4095.
315
What is the greatest common divisor of 1034 and 11186?
94
Calculate the greatest common factor of 1253106 and 1548.
774
What is the highest common divisor of 18 and 162207?
9
What is the highest common divisor of 212084 and 1924?
148
What is the greatest common divisor of 6105 and 495?
165
Calculate the greatest common divisor of 90 and 19341.
9
What is the greatest common factor of 608 and 46136?
8
Calculate the highest common factor of 19341 and 45.
9
Calculate the highest common factor of 45516 and 348.
12
What is the greatest common factor of 7002 and 2412?
18
What is the highest common factor of 295 and 41?
1
What is the greatest common factor of 134106 and 105462?
1302
Calculate the highest common factor of 11966572 and 17.
17
What is the highest common factor of 20426 and 14?
14
What is the greatest common divisor of 154 and 134783?
11
Calculate the highest common factor of 128652 and 24.
12
What is the highest common divisor of 635 and 43561?
127
Calculate the highest common factor of 21 and 69083.
7
What is the greatest common factor of 1961 and 1924?
37
What is the greatest common factor of 1136 and 230?
2
Calculate the highest common divisor of 159 and 142199.
53
Calculate the greatest common divisor of 5882 and 53630.
346
Calculate the highest common factor of 203 and 1266923.
203
What is the greatest common factor of 58 and 3514?
2
Calculate the greatest common factor of 12985 and 2120.
265
Calculate the greatest common factor of 564624 and 32.
16
Calculate the greatest common factor of 9646 and 2912.
182
What is the greatest common divisor of 39 and 582946?
13
Calculate the greatest common factor of 481610 and 272.
34
Calculate the highest common factor of 436777 and 3245.
649
Calculate the greatest common divisor of 1323 and 8298297.
441
Calculate the greatest common divisor of 180191 and 22.
11
Calculate the highest common factor of 15 and 6183.
3
What is the highest common divisor of 158885 and 65?
5
What is the highest common factor of 121952 and 148?
148
What is the highest common divisor of 3845 and 9228?
769
What is the greatest common factor of 271 and 1523833?
271
What is the greatest common factor of 5718525 and 19?
19
What is the highest common divisor of 185 and 152847?
37
Calculate the greatest common factor of 24 and 28047.
3
Calculate the greatest common divisor of 144 and 34728.
24
Calculate the greatest common divisor of 25755 and 765.
255
Calculate the greatest common divisor of 392 and 156163.
49
Calculate the greatest common factor of 1502272 and 64.
64
Calculate the highest common factor of 140 and 34720.
140
What is the highest common factor of 248 and 37856?
8
Calculate the greatest common factor of 121864 and 8.
8
What is the greatest common factor of 936 and 2756?
52
What is the greatest common factor of 17717 and 7?
7
Calculate the greatest common factor of 109674 and 324.
162
Calculate the greatest common factor of 7392 and 7224.
168
What is the highest common divisor of 4431 and 5607?
21
What is the highest common divisor of 86 and 45537?
43
Calculate the highest common divisor of 90 and 3570.
30
Calculate the highest common factor of 235742 and 13.
13
Calculate the highest common divisor of 4676 and 1204.
28
What is the highest common factor of 26 and 906074?
26
Calculate the highest common divisor of 92945 and 145.
145
Calculate the greatest common factor of 22553 and 285.
19
Calculate the greatest common divisor of 726 and 336.
6
What is the greatest common divisor of 448 and 28007?
7
What is the highest common factor of 160 and 13080?
40
What is the greatest common divisor of 8499480 and 1034?
1034
What is the highest common divisor of 44 and 1161072?
44
What is the greatest common factor of 252 and 322?
14
Calculate the highest common divisor of 250364 and 52.
4
What is the greatest common divisor of 18 and 139338?
18
What is the greatest common factor of 49 and 6?
1
Calculate the greatest common divisor of 340431 and 91.
91
What is the highest common factor of 154 and 11638?
22
Calculate the greatest common divisor of 38108 and 252.
28
Calculate the greatest common divisor of 18 and 100386.
18
What is the highest common factor of 364 and 651469?
91
Calculate the greatest common divisor of 202337 and 427.
61
What is the greatest common factor of 706287 and 57?
57
What is the greatest common divisor of 523 and 335243?
523
What is the highest common factor of 26216 and 87?
29
What is the highest common divisor of 9775 and 10625?
425
What is the highest common divisor of 7133 and 1253?
7
Calculate the greatest common factor of 126 and 11202.
6
What is the greatest common factor of 4357470 and 13?
13
What is the highest common divisor of 451 and 1221?
11
What is the highest common divisor of 174 and 229506?
174
Calculate the highest common divisor of 703 and 2033.
19
What is the highest common factor of 520 and 2264?
8
Calculate the highest common factor of 168 and 186312.
168
What is the highest common divisor of 9917192 and 118?
118
Calcula